848.
25
What is the remainder when 13537 is divided by 7?
6
Calculate the remainder when 390566 is divided by 32.
6
Calculate the remainder when 6330847 is divided by 73.
68
What is the remainder when 53 is divided by 29?
24
Calculate the remainder when 87073 is divided by 34.
33
What is the remainder when 45940 is divided by 326?
300
What is the remainder when 34420 is divided by 486?
400
Calculate the remainder when 3123 is divided by 1535.
53
What is the remainder when 112030 is divided by 882?
16
Calculate the remainder when 124994 is divided by 129.
122
Calculate the remainder when 69801 is divided by 334.
329
What is the remainder when 1316 is divided by 500?
316
Calculate the remainder when 43521 is divided by 8700.
21
Calculate the remainder when 46217 is divided by 797.
788
Calculate the remainder when 1265 is divided by 46.
23
What is the remainder when 3570 is divided by 1176?
42
Calculate the remainder when 37081 is divided by 73.
70
Calculate the remainder when 4734 is divided by 4724.
10
Calculate the remainder when 55118 is divided by 13776.
14
Calculate the remainder when 7752 is divided by 33.
30
What is the remainder when 1772652 is divided by 51?
45
What is the remainder when 884 is divided by 377?
130
Calculate the remainder when 21008 is divided by 3387.
686
What is the remainder when 55222 is divided by 100?
22
Calculate the remainder when 181233 is divided by 659.
8
What is the remainder when 642381 is divided by 214125?
6
Calculate the remainder when 3548 is divided by 1164.
56
Calculate the remainder when 7903 is divided by 594.
181
Calculate the remainder when 145 is divided by 140.
5
What is the remainder when 4360522 is divided by 74?
72
What is the remainder when 1043 is divided by 95?
93
Calculate the remainder when 26258 is divided by 583.
23
Calculate the remainder when 31376 is divided by 18.
2
Calculate the remainder when 3066 is divided by 244.
138
Calculate the remainder when 58277 is divided by 1214.
5
Calculate the remainder when 10681 is divided by 3536.
73
Calculate the remainder when 5497 is divided by 5497.
0
What is the remainder when 43283 is divided by 61?
34
What is the remainder when 12750 is divided by 1866?
1554
What is the remainder when 45298 is divided by 9056?
18
What is the remainder when 8438 is divided by 270?
68
What is the remainder when 9322 is divided by 246?
220
Calculate the remainder when 3477 is divided by 11.
1
Calculate the remainder when 516804 is divided by 71.
66
What is the remainder when 215961 is divided by 61?
21
Calculate the remainder when 10380306 is divided by 2443.
2442
Calculate the remainder when 9807 is divided by 9765.
42
Calculate the remainder when 369 is divided by 282.
87
What is the remainder when 12407 is divided by 294?
59
Calculate the remainder when 12418 is divided by 305.
218
Calculate the remainder when 1275 is divided by 198.
87
Calculate the remainder when 23957 is divided by 7969.
50
Calculate the remainder when 162926 is divided by 438.
428
Calculate the remainder when 230402 is divided by 2.
0
What is the remainder when 680270 is divided by 61?
59
What is the remainder when 35375 is divided by 44?
43
Calculate the remainder when 1796 is divided by 93.
29
What is the remainder when 43735 is divided by 319?
32
Calculate the remainder when 57346 is divided by 177.
175
What is the remainder when 1332 is divided by 316?
68
Calculate the remainder when 6197 is divided by 688.
5
What is the remainder when 5202 is divided by 187?
153
What is the remainder when 344576 is divided by 146?
16
What is the remainder when 267169 is divided by 119?
14
What is the remainder when 1689 is divided by 1655?
34
What is the remainder when 8730 is divided by 347?
55
Calculate the remainder when 93247 is divided by 76.
71
What is the remainder when 1750 is divided by 15?
10
What is the remainder when 1230964 is divided by 17840?
4
Calculate the remainder when 4051 is divided by 695.
576
What is the remainder when 8509 is divided by 1518?
919
Calculate the remainder when 249 is divided by 12.
9
What is the remainder when 6794 is divided by 524?
506
What is the remainder when 368 is divided by 166?
36
What is the remainder when 2841 is divided by 21?
6
Calculate the remainder when 66307 is divided by 173.
48
Calculate the remainder when 8729 is divided by 2179.
13
What is the remainder when 1956 is divided by 1893?
63
What is the remainder when 888785 is divided by 302?
301
Calculate the remainder when 19945 is divided by 183.
181
Calculate the remainder when 9424 is divided by 1153.
200
What is the remainder when 2864 is divided by 361?
337
Calculate the remainder when 178488 is divided by 59485.
33
What is the remainder when 205135 is divided by 51282?
7
What is the remainder when 1060725 is divided by 4?
1
What is the remainder when 31340 is divided by 517?
320
What is the remainder when 8388 is divided by 168?
156
Calculate the remainder when 25318 is divided by 6.
4
What is the remainder when 7852 is divided by 57?
43
Calculate the remainder when 12109 is divided by 11.
9
What is the remainder when 141099 is divided by 1069?
1060
Calculate the remainder when 221989 is divided by 217.
215
Calculate the remainder when 7080 is divided by 1767.
12
What is the remainder when 131131 is divided by 32780?
11
What is the remainder when 7543 is divided by 96?
55
Calculate the remainder when 543 is divided by 40.
23
What is the remainder when 605 is divided by 26?
7
Calculate the remainder when 6154 is divided by 926.
598
What is the remainder when 36107 is divided by 192?
11
Calculate the remainder when 2945 is divided by 1354.
237
What is the remainder when 217564 is divided by 81?
79
What is the remainder when 3364 is divided by 34?
32
Calculate the remainder when 5203046 is divided by 8.
6
Calculate the remainder when 161193 is divided by 325.
318
What is the remainder when 18178 is divided by 564?
130
What is the remainder when 12214 is divided by 408?
382
What is the remainder when 4713 is divided by 2349?
15
Calculate the remainder when 39146 is divided by 6523.
8
Calculate the remainder when 310 is divided by 210.
100
Calculate the remainder when 2263 is divided by 1106.
51
What is the remainder when 14039 is divided by 19?
17
Calculate the remainder when 5859 is divided by 2631.
597
Calculate the remainder when 59870 is divided by 731.
659
What is the remainder when 1605183 is divided by 4?
3
What is the remainder when 1831835 is divided by 12?
11
Calculate the remainder when 1124 is divided by 323.
155
What is the remainder when 1274839 is divided by 35?
34
Calculate the remainder when 1962 is divided by 174.
48
Calculate the remainder when 7496 is divided by 622.
32
What is the remainder when 766 is divided by 338?
90
What is the remainder when 1976 is divided by 591?
203
What is the remainder when 15071 is divided by 410?
311
What is the remainder when 50541 is divided by 50502?
39
Calculate the remainder when 1106 is divided by 646.
460
What is the remainder when 30498 is divided by 598?
0
What is the remainder when 5557 is divided by 1388?
5
What is the remainder when 9078 is divided by 3026?
0
Calculate the remainder when 1685 is divided by 136.
53
What is the remainder when 19530 is divided by 1151?
1114
What is the remainder when 11041 is divided by 257?
247
Calculate the remainder when 46419 is divided by 50.
19
What is the remainder when 2248949 is divided by 638?
637
What is the remainder when 21655 is divided by 21642?
13
What is the remainder when 1801 is divided by 253?
30
What is the remainder when 168319 is divided by 128?
127
What is the remainder when 2619 is divided by 857?
48
What is the remainder when 1415376 is divided by 2453?
2448
What is the remainder when 868566 is divided by 376?
6
Calculate the remainder when 788 is divided by 185.
48
What is the remainder when 320902 is divided by 647?
637
What is the remainder when 22912 is divided by 218?
22
What is the remainder when 7770 is divided by 2479?
333
Calculate the remainder when 421150 is divided by 82.
80
What is the remainder when 22160 is divided by 65?
60
What is the remainder when 16784 is divided by 46?
40
What is the remainder when 20601 is divided by 492?
429
Calculate the remaind